{"id":2,"date":"2025-01-23T17:45:01","date_gmt":"2025-01-23T16:45:01","guid":{"rendered":"http:\/\/arbom.fr\/?page_id=2"},"modified":"2025-09-08T10:58:40","modified_gmt":"2025-09-08T08:58:40","slug":"elagage","status":"publish","type":"page","link":"https:\/\/arbom.fr\/","title":{"rendered":"\u00c9lagage  &#8211; Entretien des Arbres"},"content":{"rendered":"\n<p>Arboriste Grimpeur d&rsquo;arbres en Dr\u00f4me, voltigeur et \u00e9lagueur, ARBOM proposent ses services pour le vivant.<\/p>\n\n\n\n<p>ARBOM intervient pour la taille de vos Arbres, l&rsquo;entretien r\u00e9gulier comme les urgences, la mise en s\u00e9curit\u00e9 des r\u00e9seaux a\u00e9riens (t\u00e9l\u00e9phone, fibre, \u00e9lectrique)<\/p>\n\n\n\n<p>Nous vous proposons la suppression de vos Arbres dangereux ou g\u00eanants : abattage, d\u00e9montage technique et d\u00e9licat.<\/p>\n\n\n\n<p>ARBOM g\u00e8re la gestion des produits de coupe : broyage, \u00e9vacuation, fendage du bois pour le chauffage&#8230;<\/p>\n\n\n\n<div class=\"wp-block-columns is-layout-flex wp-container-core-columns-is-layout-9d6595d7 wp-block-columns-is-layout-flex\">\n<div class=\"wp-block-column is-layout-flow wp-block-column-is-layout-flow\"><div class=\"wp-block-image is-style-rounded\">\n<figure class=\"aligncenter size-large is-resized\"><img alt=\"elagage bouquet de thuya\" loading=\"lazy\" decoding=\"async\" width=\"768\" height=\"1024\" src=\"https:\/\/arbom.fr\/wp-content\/uploads\/2025\/05\/IMG_20241024_173706-768x1024.jpg\" alt=\"\" class=\"wp-image-195\" style=\"aspect-ratio:1;object-fit:cover;width:400px\" srcset=\"https:\/\/arbom.fr\/wp-content\/uploads\/2025\/05\/IMG_20241024_173706-768x1024.jpg 768w, https:\/\/arbom.fr\/wp-content\/uploads\/2025\/05\/IMG_20241024_173706-225x300.jpg 225w, https:\/\/arbom.fr\/wp-content\/uploads\/2025\/05\/IMG_20241024_173706-1152x1536.jpg 1152w, https:\/\/arbom.fr\/wp-content\/uploads\/2025\/05\/IMG_20241024_173706-1536x2048.jpg 1536w, https:\/\/arbom.fr\/wp-content\/uploads\/2025\/05\/IMG_20241024_173706-scaled.jpg 1920w\" sizes=\"auto, (max-width: 768px) 100vw, 768px\" \/><figcaption class=\"wp-element-caption\">\u00e9lagage d&rsquo;un bouquet de thuya<\/figcaption><\/figure>\n<\/div><\/div>\n\n\n\n<div class=\"wp-block-column is-layout-flow wp-block-column-is-layout-flow\"><div class=\"wp-block-image is-style-rounded\">\n<figure class=\"aligncenter size-large is-resized\"><img alt=\"elagage technique sur corde\" loading=\"lazy\" decoding=\"async\" width=\"1024\" height=\"615\" src=\"https:\/\/arbom.fr\/wp-content\/uploads\/2025\/01\/CHIM-Elagage-7-2-1024x615.jpg\" alt=\"\" class=\"wp-image-47\" style=\"aspect-ratio:1;object-fit:cover;width:400px\" srcset=\"https:\/\/arbom.fr\/wp-content\/uploads\/2025\/01\/CHIM-Elagage-7-2-1024x615.jpg 1024w, https:\/\/arbom.fr\/wp-content\/uploads\/2025\/01\/CHIM-Elagage-7-2-300x180.jpg 300w, https:\/\/arbom.fr\/wp-content\/uploads\/2025\/01\/CHIM-Elagage-7-2-768x461.jpg 768w, https:\/\/arbom.fr\/wp-content\/uploads\/2025\/01\/CHIM-Elagage-7-2-421x253.jpg 421w, https:\/\/arbom.fr\/wp-content\/uploads\/2025\/01\/CHIM-Elagage-7-2.jpg 1200w\" sizes=\"auto, (max-width: 1024px) 100vw, 1024px\" \/><figcaption class=\"wp-element-caption\">Taille de s\u00e9curisation<\/figcaption><\/figure>\n<\/div><\/div>\n<\/div>\n\n\n\n<div class=\"wp-block-columns is-layout-flex wp-container-core-columns-is-layout-9d6595d7 wp-block-columns-is-layout-flex\">\n<div class=\"wp-block-column is-layout-flow wp-block-column-is-layout-flow\"><div class=\"wp-block-image is-style-rounded\">\n<figure class=\"aligncenter size-large is-resized\"><img alt=\"broyage professionnel\" loading=\"lazy\" decoding=\"async\" width=\"1024\" height=\"683\" src=\"https:\/\/arbom.fr\/wp-content\/uploads\/2025\/05\/Haecksler-H4-ETP-1-1024x683.jpg\" alt=\"\" class=\"wp-image-182\" style=\"aspect-ratio:1;object-fit:cover;width:400px\" srcset=\"https:\/\/arbom.fr\/wp-content\/uploads\/2025\/05\/Haecksler-H4-ETP-1-1024x683.jpg 1024w, https:\/\/arbom.fr\/wp-content\/uploads\/2025\/05\/Haecksler-H4-ETP-1-300x200.jpg 300w, https:\/\/arbom.fr\/wp-content\/uploads\/2025\/05\/Haecksler-H4-ETP-1-768x512.jpg 768w, https:\/\/arbom.fr\/wp-content\/uploads\/2025\/05\/Haecksler-H4-ETP-1-1536x1024.jpg 1536w, https:\/\/arbom.fr\/wp-content\/uploads\/2025\/05\/Haecksler-H4-ETP-1-2048x1365.jpg 2048w, https:\/\/arbom.fr\/wp-content\/uploads\/2025\/05\/Haecksler-H4-ETP-1-450x300.jpg 450w\" sizes=\"auto, (max-width: 1024px) 100vw, 1024px\" \/><figcaption class=\"wp-element-caption\">Broyeur professionnel<\/figcaption><\/figure>\n<\/div><\/div>\n\n\n\n<div class=\"wp-block-column is-layout-flow wp-block-column-is-layout-flow\"><div class=\"wp-block-image is-style-rounded\">\n<figure class=\"aligncenter size-large is-resized\"><img alt=\"Rogneuse de souche\" loading=\"lazy\" decoding=\"async\" width=\"1024\" height=\"768\" src=\"https:\/\/arbom.fr\/wp-content\/uploads\/2025\/05\/IMG_20250327_113825-1024x768.jpg\" alt=\"\" class=\"wp-image-235\" style=\"aspect-ratio:1;object-fit:cover;width:400px\" srcset=\"https:\/\/arbom.fr\/wp-content\/uploads\/2025\/05\/IMG_20250327_113825-1024x768.jpg 1024w, https:\/\/arbom.fr\/wp-content\/uploads\/2025\/05\/IMG_20250327_113825-300x225.jpg 300w, https:\/\/arbom.fr\/wp-content\/uploads\/2025\/05\/IMG_20250327_113825-768x576.jpg 768w, https:\/\/arbom.fr\/wp-content\/uploads\/2025\/05\/IMG_20250327_113825-1536x1152.jpg 1536w, https:\/\/arbom.fr\/wp-content\/uploads\/2025\/05\/IMG_20250327_113825-2048x1536.jpg 2048w, https:\/\/arbom.fr\/wp-content\/uploads\/2025\/05\/IMG_20250327_113825-400x300.jpg 400w\" sizes=\"auto, (max-width: 1024px) 100vw, 1024px\" \/><figcaption class=\"wp-element-caption\">Rognage de souche<\/figcaption><\/figure>\n<\/div><\/div>\n<\/div>\n\n\n\n<p><\/p>\n","protected":false},"excerpt":{"rendered":"<p>Arboriste Grimpeur d&rsquo;arbres en Dr\u00f4me, voltigeur et \u00e9lagueur, ARBOM proposent ses services pour le vivant. ARBOM intervient pour la taille de vos Arbres, l&rsquo;entretien r\u00e9gulier &hellip;<\/p>\n","protected":false},"author":1,"featured_media":0,"parent":0,"menu_order":0,"comment_status":"closed","ping_status":"closed","template":"","meta":{"_seopress_robots_primary_cat":"","_seopress_titles_title":"","_seopress_titles_desc":"","_seopress_robots_index":"","footnotes":""},"class_list":["post-2","page","type-page","status-publish","hentry"],"_links":{"self":[{"href":"https:\/\/arbom.fr\/index.php\/wp-json\/wp\/v2\/pages\/2","targetHints":{"allow":["GET"]}}],"collection":[{"href":"https:\/\/arbom.fr\/index.php\/wp-json\/wp\/v2\/pages"}],"about":[{"href":"https:\/\/arbom.fr\/index.php\/wp-json\/wp\/v2\/types\/page"}],"author":[{"embeddable":true,"href":"https:\/\/arbom.fr\/index.php\/wp-json\/wp\/v2\/users\/1"}],"replies":[{"embeddable":true,"href":"https:\/\/arbom.fr\/index.php\/wp-json\/wp\/v2\/comments?post=2"}],"version-history":[{"count":18,"href":"https:\/\/arbom.fr\/index.php\/wp-json\/wp\/v2\/pages\/2\/revisions"}],"predecessor-version":[{"id":271,"href":"https:\/\/arbom.fr\/index.php\/wp-json\/wp\/v2\/pages\/2\/revisions\/271"}],"wp:attachment":[{"href":"https:\/\/arbom.fr\/index.php\/wp-json\/wp\/v2\/media?parent=2"}],"curies":[{"name":"wp","href":"https:\/\/api.w.org\/{rel}","templated":true}]}}